number?
False
Is 70043 composite?
True
Is 80009 composite?
True
Is 137077 a composite number?
False
Is 154487 a prime number?
True
Is 329599 a composite number?
True
Is 1959247 a composite number?
True
Is 55565 a prime number?
False
Is 5339 a composite number?
True
Is 12607 composite?
True
Is 497957 prime?
True
Is 2646583 composite?
False
Is 3097363 composite?
False
Is 4337 prime?
True
Is 58711 a prime number?
True
Is 456871 prime?
True
Is 141753 composite?
True
Is 1151 prime?
True
Is 17651 a prime number?
False
Is 410087 a composite number?
False
Is 5261 prime?
True
Is 194219 composite?
True
Is 4043 prime?
False
Is 834383 a prime number?
False
Is 77397 a composite number?
True
Is 718 a composite number?
True
Is 814829 prime?
True
Is 1151 a composite number?
False
Is 66569 a composite number?
False
Is 2203 a composite number?
False
Is 9427 composite?
True
Is 3883 prime?
False
Is 2879 a composite number?
False
Is 96079 a composite number?
False
Is 211759 composite?
True
Is 3847 prime?
True
Is 10821 prime?
False
Is 468127 prime?
False
Is 25703 a composite number?
False
Is 102658 prime?
False
Is 1221823 a prime number?
True
Is 3997 composite?
True
Is 823307 a prime number?
False
Is 4409 composite?
False
Is 3989 prime?
True
Is 8227 prime?
False
Is 28047 a prime number?
False
Is 3137 a composite number?
False
Is 5099 prime?
True
Is 11821 composite?
False
Is 108067 prime?
False
Is 15121 a composite number?
False
Is 438355 composite?
True
Is 580037 a composite number?
True
Is 16333 a composite number?
False
Is 675439 composite?
True
Is 43393 a composite number?
True
Is 978295 composite?
True
Is 33119 a composite number?
False
Is 324521 composite?
True
Is 9031 a prime number?
False
Is 1249 composite?
False
Is 151049 a composite number?
False
Is 294391 composite?
False
Is 9413 composite?
False
Is 3389 a composite number?
False
Is 38837 a prime number?
False
Is 115279 composite?
False
Is 1802491 a composite number?
False
Is 2203 prime?
True
Is 4469 a composite number?
True
Is 1449407 prime?
False
Is 2467 a prime number?
True
Is 9383 composite?
True
Is 273363 composite?
True
Is 9613 prime?
True
Is 165107 composite?
True
Is 4529 a composite number?
True
Is 2521 a prime number?
True
Is 7219 a composite number?
False
Is 3133 a prime number?
False
Is 13829 a composite number?
False
Is 150151 prime?
True
Is 79411 a prime number?
True
Is 23137 a composite number?
True
Is 45707 a prime number?
True
Is 22511 composite?
False
Is 31793 prime?
True
Is 1897183 a prime number?
False
Is 9311 prime?
True
Is 4486 prime?
False
Is 249697 prime?
False
Is 70427 prime?
False
Is 22807 prime?
True
Is 29903 prime?
False
Is 1802407 prime?
True
Is 382187 a prime number?
False
Is 947483 a composite number?
False
Is 908057 prime?
True
Is 178645 a prime number?
False
Is 64499 prime?
True
Is 254629 composite?
True
Is 1065579 a composite number?
True
Is 49 a composite number?
True
Is 300013 composite?
True
Is 5737 prime?
True
Is 269131 composite?
False
Is 30911 a composite number?
False
Is 39651 composite?
True
Is 1261627 a prime number?
True
Is 3967 prime?
True
Is 111577 a prime number?
True
Is 10331 a prime number?
True
Is 9727 composite?
True
Is 53267 prime?
True
Is 186001 a prime number?
False
Is 14354 prime?
False
Is 62189 a composite number?
False
Is 507289 a composite number?
False
Is 125699 a prime number?
False
Is 5737 a prime number?
True
Is 4267 composite?
True
Is 47017 a composite number?
False
Is 86091 a prime number?
False
Is 31173 a prime number?
False
Is 33659 prime?
False
Is 2126 a prime number?
False
Is 77627 composite?
True
Is 23227 composite?
False
Is 8131 prime?
False
Is 19157 composite?
False
Is 7081 a prime number?
False
Is 37357 a prime number?
True
Is 40903 composite?
False
Is 851 a composite number?
True
Is 82207 composite?
False
Is 118999 composite?
True
Is 16223 a prime number?
True
Is 311533 composite?
False
Is 80531 a prime number?
False
Is 1213 a composite number?
False
Is 12955 composite?
True
Is 1193 a prime number?
True
Is 1359947 a composite number?
False
Is 71899 a composite number?
False
Is 2030563 a composite number?
False
Is 676649 prime?
True
Is 357254 prime?
False
Is 85983 composite?
True
Is 5357657 composite?
False
Is 87011 prime?
True
Is 273253 composite?
False
Is 68149 composite?
True
Is 6599 a composite number?
False
Is 24499 a composite number?
False
Is 14431 a composite number?
False
Is 691 composite?
False
Is 45797 a composite number?
True
Is 14971 composite?
True
Is 8021191 a prime number?
True
Is 5923 a composite number?
False
Is 13381 prime?
True
Is 12151 a prime number?
False
Is 324013 prime?
False
Is 191067 prime?
False
Is 9511 a prime number?
True
Is 10901 prime?
False
Is 71935 prime?
False
Is 1373 prime?
True
Is 567179 a composite number?
False
Is 4999 a prime number?
True
Is 269851 a composite number?
False
Is 154613 composite?
False
Is 1361 prime?
True
Is 6805 composite?
True
Is 217847 a composite number?
True
Is 56543 a prime number?
True
Is 16081 a composite number?
True
Is 724157 a composite number?
True
Is 182158 a prime number?
False
Is 221941 prime?
True
Is 18805 a prime number?
False
Is 8999 a composite number?
False
Is 316385 prime?
False
Is 73751 composite?
False
Is 855793 a prime number?
False
Is 1592123 a prime number?
False
Is 360391 prime?
True
Is 251299 prime?
False
Is 58117 a composite number?
True
Is 1973 a composite number?
False
Is 2224141 composite?
False
Is 2426 prime?
False
Is 9371 composite?
False
Is 46001 a composite number?
True
Is 101071 a composite number?
True
Is 165229 a composite number?
False
Is 12763 a prime number?
True
Is 31469 a composite number?
False
Is 250583 composite?
False
Is 615709 a composite number?
False
Is 5051 composite?
False
Is 58087 composite?
True
Is 3293 prime?
False
Is 156309 a prime number?
False
Is 119057 composite?
False
Is 1861 prime?
True
Is 7697 a composite number?
True
Is 111047 a composite number?
True
Is 254909 prime?
False
Is 5723 prime?
False
Is 495481 a composite number?
True
Is 5731 a prime number?
False
Is 6259 a prime number?
False
Is 2333 a prime number?
True
Is 5569 a prime number?
True
Is 82958 composite?
True
Is 47315 prime?
False
Is 374063 composite?
False
Is 508337 composite?
True
Is 105973 prime?
False
Is 2111 a prime number?
True
Is 885697 composite?
True
Is 13117 a composite number?
True
Is 83051 a prime number?
False
Is 123 a composite number?
True
Is 239 prime?
True
Is 83935 prime?
False
Is 19859 prime?
False
Is 92693 composite?
False
Is 299417 composite?
False
Is 4559 a composite number?
True
Is 2712443 prime?
True
Is 8033 composite?
True
Is 1893 prime?
False
Is 1823737 a composite number?
False
Is 38557 a composite number?
False
Is 63463 a prime number?
True
Is 703253 composite?
True
Is 169733 a prime number?
True
Is 19667 a composite number?
True
Is 292745 prime?
False
Is 12941 composite?
False
Is 64661 prime?
True
Is 1038347 a composite number?
True
Is 544105 composite?
True
Is 180617 prime?
True
Is 9733 a composite number?
False
Is 112609 prime?
False
Is 4989 composite?
True
Is 1367 a prime number?
True
Is 7753 a composite number?
False
Is 3691 a composite number?
False
Is 1106741 composite?
False
Is 14267 a composite number?
True
Is 172841 a composite number?
True
Is 10351 a prime number?
False
Is 42077 prime?
False
Is 30697 a composite number?
False
Is 1546 prime?
False
Is 188119 a composite number?
True
Is 2017 composite?
False
Is 25105 a prime number?
False
Is 119519 a prime number?
False
Is 200731 a prime number?
True
Is 7133 a composite number?
True
Is 78977 a composite number?
False
Is 113387 prime?
False
Is 114859 composite?
False
Is 82699 a prime number?
True
Is 15347 a prime number?
False
Is 292141 composite?
False
Is 5981 a composite number?
False
Is 84839 a prime number?
False
Is 2777 prime?
True
Is 711433 a composite number?
True
Is 211 prime?
True
Is 47051 prime?
True
Is 32753 a prime number?
False
Is 22978 a composite number?
True
Is 8353 prime?
True
Is 4691 prime?
True
Is 242493 prime?
False
Is 1249 a composite number?
False
Is 849097 composite?
False
Is 161771 composite?
False
Is 113537 a prime number?
True
Is 998 composite?
True
Is 14081 a composite number?
False
Is 1306589 composite?
False
Is 4379 a prime number?
False
Is 1